s of i(-15)?
7, 43
Let x(d) = -d**2 - 15*d + 4. What are the prime factors of x(-7)?
2, 3, 5
What are the prime factors of (1 + 1)/(3 + 184/(-62))?
2, 31
Let s = -3 + 9. Let q = s + 0. What are the prime factors of q?
2, 3
Let f be (-2)/9 + 58/18. Suppose -1 = -2*u + 3, f*u = -i + 10. What are the prime factors of i?
2
Suppose 3*p = 2 + 7. Suppose -4*s + 3*i + 47 = -0*s, 0 = p*i + 15. List the prime factors of s.
2
Let d = -5 - -8. Let w be 12/(0 + d) - 1. Suppose 2*u + 44 = 3*p, -3*p + 4*u - w*u = -43. What are the prime factors of p?
2, 7
Let r be (-3 - -1)/((-2)/5). Let j = 8 - r. What are the prime factors of j?
3
Let d(p) = -p**3 - 10*p**2 + p + 10. Let o = -3 + -7. Let a be d(o). Suppose a = 2*j - 3*j + 7. List the prime factors of j.
7
Suppose 0 = 2*j - 7*j. Suppose j = k - 2*k - 6. Let y = 6 - k. List the prime factors of y.
2, 3
Let v(i) = 7*i - 10. Let a(u) = 20*u - 30. Let p(r) = 4*a(r) - 11*v(r). Let z = -6 - -13. List the prime factors of p(z).
11
Let z(c) = c**3 - 8*c**2 + 7*c + 5. Suppose 0 = 3*a + n - 15, 25 = 3*a - 5*n - 8. Let d = a - -1. List the prime factors of z(d).
5
Suppose -4*u + 165 = -5*g + 42, -5*g + 136 = 3*u. Let h = u + -16. List the prime factors of (-100)/(-7) + (-6)/h.
2, 7
Suppose 4*s = -2*w + 24, -s + 4*w = s - 12. List the prime factors of s.
2, 3
Suppose -61 = 4*r + 147. Let j = r - -25. What are the prime factors of (-6)/(-27) - 318/j?
2, 3
Let o be 3*(16/(-6))/2. What are the prime factors of (0 - (-2)/o)*-30?
3, 5
Let k(h) = h**2 + 5*h - 9. Let w be k(-8). Let l(m) = -w + m**3 - 10*m + m + 3 - 10*m**2. List the prime factors of l(11).
2, 5
Suppose 4*g - 10 + 38 = 4*v, -5*g + 55 = 4*v. Suppose 5*f - v = -0. Suppose -d - 4 = -3*k + f*k, -2 = 3*k + 4*d. What are the prime factors of k?
2
Let f = 28 + -25. Suppose -f*r + 97 = -29. What are the prime factors of r?
2, 3, 7
Let n(r) = -r**3 - 2*r**2 - r. Suppose -12 = d - 4*z, d + 4*z - 18 = 2. Suppose -2*b - 22 = d*c + 3*b, -4*c - 4*b = 20. What are the prime factors of n(c)?
2, 3
Let r(i) = 2*i**3 - 8*i**2 + 11*i - 3. List the prime factors of r(6).
3, 23
Let r(d) = -3*d - 10. List the prime factors of r(-18).
2, 11
Let q = 42 + -8. Suppose -5*m = -q - 56. List the prime factors of m.
2, 3
Suppose 4*f - 2*f = 0. Suppose 0 = x - 10 - 2. Suppose j = -f + x. List the prime factors of j.
2, 3
Suppose 3*p = 2*p + 3. Suppose i - c = -p*i + 25, -i + c + 7 = 0. List the prime factors of i.
2, 3
Let a(d) = -14*d - 2. Let c be a(-3). Suppose -c = -7*r + 3*r. What are the prime factors of r?
2, 5
List the prime factors of (-3)/(-18) + (-310)/(-12).
2, 13
Let t(l) = -l**2 - l + 62. What are the prime factors of t(0)?
2, 31
What are the prime factors of (-38)/(-8) - 24/32 - -8?
2, 3
Suppose 0 = 2*o - 3*u - 0*u - 19, 2*o - 24 = 2*u. List the prime factors of o.
17
Let w(i) = -2*i - 10. Let m be w(-7). Suppose -2 = 5*g - m*g. What are the prime factors of -15*(0 - g/(-3))?
2, 5
Let q(c) = -c**2 + 4*c + 5. Let h(r) = -r**2 + 6. Let j be h(0). Let d be q(j). What are the prime factors of 2 - (d + 1 + 0)?
2
Let h(u) = u**2 + 4*u - 3. Let p be h(3). Let k = -29 - -11. What are the prime factors of p*(-3)/k*3?
3
Suppose p = -18 + 1. Let o = -28 - p. Let v = 18 + o. List the prime factors of v.
7
Let t be 1/(1*(-1)/(-4)). What are the prime factors of 3/(-6)*t - -34?
2
Let r(z) = 16*z**2 - 3*z - 1. What are the prime factors of r(-2)?
3, 23
Suppose 5*o - o + 16 = -2*j, -2*j = o + 25. List the prime factors of 1 - (j + -1) - 1.
3, 5
Suppose -227 + 35 = -3*i. Suppose -5*o + 4*t - 3*t + 92 = 0, -3*o + 5*t = -i. What are the prime factors of o?
2, 3
List the prime factors of (-1)/2 + (-5 - (-1225)/14).
2, 41
Let h(r) = r**2 - r + 4. Let q(d) = -d**3 + 10*d**2. Let u be q(10). Let i be h(u). Suppose i*k - 28 = -0*k. List the prime factors of k.
7
Suppose 0 = 5*a + 2*t - t - 211, 3*t - 3 = 0. Suppose -5*u + 3*c = -54, 7*u - 2*u + c = a. List the prime factors of u.
3
Let f(c) = 8*c - 12. Let o(b) = 2*b - 7. Let v be o(7). List the prime factors of f(v).
2, 11
Let i = 104 - -19. List the prime factors of i.
3, 41
Let x = 2 + 0. Suppose 5*m - 3*m + x = 0. What are the prime factors of 0 + m - -10 - -2?
11
Let x(v) = v**2 + 3*v + 4. Suppose -13 = -3*b + 4*t, 4*b = 5*t - 2*t + 15. Let d be x(b). Let w = -14 + d. List the prime factors of w.
2
Let b = 855 - 509. List the prime factors of b.
2, 173
Let m = -18 + 11. What are the prime factors of (60 + m)/(1 + 0)?
53
Let i(t) = 10*t**2 - 6*t - 2. What are the prime factors of i(-2)?
2, 5
Let q = 12 - 3. What are the prime factors of q?
3
Suppose 0*x + 4*x - 156 = 0. What are the prime factors of x?
3, 13
Let g be (2 + -3)/(1/3). Let v = -6 - g. Let o = 5 - v. List the prime factors of o.
2
Suppose 4*y + 6 = 14. Suppose i - 2 = y*i. List the prime factors of i/5*5*-5.
2, 5
Let r(o) = -2*o + 2. Let h(v) = -6*v + 5. Let y(b) = 3*h(b) - 8*r(b). Let j be y(-1). What are the prime factors of j + 1/(-2)*-6?
2
Let v be (-16)/6*(-12)/8. Suppose -x + 2*n = 0, 0*n - 9 = -v*x - n. Suppose 0 = x*k - 1 - 5. List the prime factors of k.
3
Suppose -3 = -5*i + 2*i. Suppose 0 = -4*q + 1 - 9. What are the prime factors of (q/2)/(i/(-3))?
3
Let l = 13 - -23. List the prime factors of l.
2, 3
Suppose -3*s + s = -10. Suppose 82 = 5*y + 4*k, -3*k + 7 + 5 = y. Suppose s*z - y = 7. List the prime factors of z.
5
Suppose 5*q - 19 = 4*q. List the prime factors of q.
19
Let x(u) = -u**2 - 3. Let c be x(0). What are the prime factors of (4 + c - -6) + -3?
2
Let w be (-1)/(-4) - (-3320)/32. Suppose 2*g = -4*a - g + 77, 5*a = 4*g + w. List the prime factors of a.
2, 5
Let r be 5/((-15)/9) + 0. What are the prime factors of ((-8)/(-2))/((-1)/r)?
2, 3
Let q(w) = -w**3 - 11*w**2 - 23*w - 19. List the prime factors of q(-10).
3, 37
Suppose 0 = j - h - 29, j + 4*h + 82 = 4*j. What are the prime factors of j?
2, 17
Let w(f) = f**2 + 5*f - 4. Let s be w(-6). Suppose 4*z = 3*v - 32, -s*v - 8 = -3*z - 30. List the prime factors of v.
2
Suppose 3*u - h + 19 = -2*h, -4*u - 2*h - 22 = 0. Let y = -35 - -22. Let l = u - y. List the prime factors of l.
5
Let g = 6 - 14. Let u = g - -1. Let o = u + 18. List the prime factors of o.
11
Suppose 9*t = 55 + 854. List the prime factors of t.
101
Let p(k) = -k**3 - 11*k**2 - 7*k - 10. Let v(i) = -i**2 - i - 1. Let h(n) = -p(n) + v(n). What are the prime factors of h(-9)?
2, 3
Suppose 5*j - 25 = 0, -2*m - 5*j = 8 - 55. What are the prime factors of m?
11
Let a = -8 + 8. What are the prime factors of a + 4*44/8?
2, 11
Suppose 17 - 73 = -4*t. Suppose 10 + t = 4*x. List the prime factors of x.
2, 3
Let w(p) = -p**3 - 4*p**2 + 4. Let r be w(-4). Suppose -21 + r = -x. What are the prime factors of x?
17
Let x = 0 + -1. What are the prime factors of (-16 - x)*(-12)/15?
2, 3
Suppose 7*f - 45 = 2*f. Let m = 20 - f. What are the prime factors of m?
11
List the prime factors of (-173 + -1)/(7 - 9).
3, 29
Let i = 18 - 11. Let l(d) = -d**2 + 7*d + 9. List the prime factors of l(i).
3
Let d = -65 + 124. Suppose -d = -4*z - 11. List the prime factors of z.
2, 3
Let w be 46/3 + (-4)/(-6). Let x be (-69)/(-6)*2 - 2. Suppose x = 3*g - 3*z - 0*z, 2*g = z + w. List the prime factors of g.
3
Let x = -87 + 125. What are the prime factors of x?
2, 19
Suppose -4 = -5*t + 16. Suppose 0 = 5*w - 77 - 18. Suppose w + 1 = t*u. What are the prime factors of u?
5
Let s(t) = t**3 + 10*t**2 - 13*t + 10. List the prime factors of s(-11).
2
Let n = 1 + -3. Let o = -8 + 13. What are the prime factors of n/o - (-37)/5?
7
Let c(n) = 7 + 6*n - 2 + 2 - n**3 + 5*n**2. Let g be c(6). List the prime factors of -2 + 1 + (g - 3).
3
Let d(w) = w**2 - 1. Let g(u) = 4*u**2 + 12*u + 4. Let h(a) = -5*d(a) + g(a). List the prime factors of h(11).
2, 5
Let t(o) = o + 17. Let f be 20/3*(-12)/10. What are the prime factors of t(f)?
3
Let b = -156 - -106. Let q = -36 - b. List the prime factors of q.
2, 7
Let b be 1*(0 + 6 + -3). Suppose 3 = b*q, x - 5*x + 151 = 3*q. What are the prime factors of x?
37
Suppose 7*q - 2*q + 4*w - 1469 = 0, -5*q + 1466 = w. List the prime factors of q.
293
Let h(m) = -2*m - 3. Let b be h(-3). Suppose 13 = 2*y - b*q + 4, -2*y + q = -7. List the prime factors of y.
3
Let g = 1 + 2. Suppose g*q = -q + 144. Let r = q + -24. List the prime factors of r.
2, 3
Let x be 